nits digit of z?
3
Suppose 4*n = -0*n + 12. Let l(h) = 0*h - 3 + 7 - h**n - 4*h + 6*h**2. What is the units digit of l(5)?
9
What is the tens digit of (-3 - -5)/((-2)/(-76))?
7
Let o(k) = -k**2 - 2*k + 5. What is the units digit of o(0)?
5
Suppose -2 = 2*n - 0*n + 4*i, 0 = 2*n + i - 4. Suppose 0*p = -5*p - 20, -p + 29 = n*q. What is the units digit of q?
1
Suppose -y = 8 - 26. What is the tens digit of y?
1
Let y = 1 - 2. Let j be (-1)/(-1*y/(-3)). Suppose -4*k + 4*q + 24 = 0, -j*q = -k + 14 - 0. What is the units digit of k?
2
Let y(z) = z - 3. Let c(h) = -h + 1. Let q(n) = -5*c(n) - 2*y(n). Suppose -4*w = 4*a + 12, 2*w = -2*a + 5*a + 14. What is the units digit of q(w)?
4
Let a(p) = -p**3 + 6*p**2 + 7*p - 2. Let u be a(6). Suppose -k = 4*k + u. Let n = k + 24. What is the tens digit of n?
1
Suppose g = 5*g. Let t = 6 + g. What is the units digit of t?
6
Suppose 0 = d - 11 + 9. Suppose -d*w - 10 = 0, 0 = 3*z - 0*z + 2*w - 35. What is the units digit of z?
5
Let x(o) be the third derivative of o**5/60 - o**4/4 - o**3/3 + 7*o**2. What is the units digit of x(-3)?
5
Let d = 246 + -56. What is the hundreds digit of d?
1
Suppose 0 = 3*n + 18 - 114. Suppose -b = -3*s + 64, -4*b + 7 = -s + n. What is the units digit of s?
1
What is the units digit of 1/(-1 + 152/(-154) + 2)?
7
What is the units digit of 29/(-2)*(8 - 14)?
7
Let w(b) = -2*b. Let r be w(-1). Suppose 8 - r = 3*p. Suppose -5*a + 11 = -3*d - 18, -2*a = 2*d - p. What is the units digit of a?
4
Let o(a) = -a**2 - 5*a + 5. Let y be o(-4). Suppose 0 = -4*k - 33 + y. Let t = k + 8. What is the units digit of t?
2
Let r(n) = -n**2 + 11. Suppose o - 5*o = 60. Let f be 0*(o/6 - -3). What is the tens digit of r(f)?
1
Suppose -5*y - 5*w + 363 = -67, 268 = 3*y + w. What is the units digit of y?
1
Let b be 1/(-2)*6 - -77. Let v = -36 + b. What is the units digit of v?
8
Let u(f) = -3*f + 16. What is the units digit of u(-16)?
4
Let q(r) = 3*r**3 + 16*r**2 - 16*r + 14. Let x(p) = -p**3 - 8*p**2 + 8*p - 7. Let w(z) = -2*q(z) - 5*x(z). What is the units digit of w(5)?
2
Suppose r - 6*r - 12 = -3*a, 16 = 4*a + 2*r. Let d(m) = 3*m**3 - 3*m**3 - 12 + m**3 - 2*m**2 - 5*m + 9. What is the units digit of d(a)?
9
Let n = -169 - -323. What is the hundreds digit of n?
1
What is the units digit of 82/(-5)*65/(-26)?
1
What is the units digit of 1 + 0 + 6 + 4?
1
Suppose -4*a - a = -b + 34, 0 = b + 4*a - 16. Let i = 41 - b. What is the units digit of i?
7
Let o(q) = -q**3 - 5*q**2 + 6*q - 2. Let d be (1/(-2))/((-2)/(-24)). Let k be o(d). What is the units digit of -21*(-1)/((-6)/k)?
7
Let q(v) = v**3 + 20*v**2 - 3*v + 12. What is the units digit of q(-20)?
2
Let a be (-3)/(-4) - 87/4. What is the units digit of (-162)/a + 2/7?
8
Let j be 5 - -1 - (1 + -4). What is the units digit of (3/(-9))/((-1)/j)?
3
Suppose 0 = -4*a + 7*a + 9. What is the units digit of 220/6 + 2/a?
6
Let r be (-1)/(-1 + -1)*0. Suppose -4*h + 3*h + 12 = r. What is the tens digit of h?
1
What is the tens digit of (344/(-3) + 0)*(-276)/184?
7
Let j(d) = 3*d**2 - 7*d + 12. What is the tens digit of j(5)?
5
Let k be 3 - (-1)/(2/(-2)). Suppose l = 5*v + 7 - 3, v + k*l = 8. Let a = 3 - v. What is the units digit of a?
3
Suppose 2*u - 3*x - 15 = -0*u, 0 = -3*u - 3*x. What is the units digit of ((-3)/2)/(u/(-6))?
3
Let x(v) = -v - 3. Let u be x(-5). Suppose u = 3*q - 2*q. What is the units digit of q?
2
Suppose 0 = -5*g + 52 + 23. Suppose -6*t + t + g = 0. What is the units digit of (2 - t)/(-1 - 0)?
1
What is the tens digit of (-722)/(-14) - (-15)/35?
5
Let a be 8/(-12) - 64/(-6). Suppose 3*f - a = n, 2*n = 4*f + 4 - 20. Let z(w) = -w**2 - 3*w + 5. What is the units digit of z(n)?
1
Suppose f - 15 = -5*w + 2*f, -2*f = 0. Suppose 5*z + 1 = w*v, z + z + v - 4 = 0. What is the units digit of z?
1
What is the tens digit of (2/(-4))/((-5)/260)?
2
Let t = -28 + 52. What is the tens digit of t?
2
Let h = -7 + 8. Let u(p) = h - 2 + 1 + 4*p. What is the units digit of u(2)?
8
Let w(p) = -2 + 9*p - p**3 + 10 - 1 + 4 - 7*p**2. What is the units digit of w(-8)?
3
Suppose -4*l - 3 - 5 = 0. Let s be 4/(-8) + (-49)/l. Suppose 3*g - 27 = -3*c, 0*g = 2*c + 4*g - s. What is the units digit of c?
6
Suppose f + c = -3*f + 223, -4*c - 60 = -f. Let n = -11 + f. What is the tens digit of n?
4
Let p be 2 + -1 + 2/(-1). Let k be (8 - p) + 0/3. Let w = -2 + k. What is the units digit of w?
7
Suppose -3*y = -0*y - 48. Suppose 2*u - y = -0*u. What is the units digit of 3 + u/1 + -1?
0
Let y(h) = -4*h - 3. Let s be y(-2). Suppose s*p = -51 + 1. Let i = p + 15. What is the units digit of i?
5
Let n(r) = 47*r**3 - r**2 + 3*r - 2. What is the tens digit of n(1)?
4
Let d = -5 + 8. Let w = 4 - d. What is the units digit of w?
1
Suppose 3 = -l, 2*k - 118 = -l - l. What is the units digit of k?
2
Let t(b) = 5*b + 4. What is the tens digit of t(8)?
4
Suppose -d = -5*u - 73, 3*d - 4*u + 82 = 4*d. What is the units digit of d?
8
Let n = 19 - 28. Let k = 9 + n. Suppose -2*l - 2*z + 18 = 0, 3*l + k*l - z = 43. What is the units digit of l?
3
Let h(y) = -y**2 + 31*y - 35. What is the tens digit of h(28)?
4
Suppose -2*n = -5*n + 5*x + 9, 55 = 5*n + 5*x. Suppose -n*z + 28 = -6*z. What is the tens digit of z?
1
Suppose -3*t - 369 = -4*h, 0*t + t = 3*h - 278. What is the tens digit of h?
9
Let x(p) = p + 2. What is the units digit of x(14)?
6
Let l = -14 + 10. What is the units digit of (-222)/(-7) - l/14?
2
Suppose 2*s - 19 = -3. What is the units digit of s?
8
Suppose 180 = 6*w - 3*w. What is the units digit of w?
0
Let o(w) = -w**2 + 8*w - 4. Suppose 5*a - 7*a + 14 = 0. What is the units digit of o(a)?
3
Suppose 3*y + 0 = -15. Let z(i) = -i**2 + 0 + 2 - 4*i**2 - i**3. What is the units digit of z(y)?
2
Suppose 0*k + 4*k = z + 409, 2*z = 2*k - 200. What is the units digit of k?
3
Suppose 45 - 121 = -j. What is the tens digit of j?
7
Suppose 5*m - 89 = 31. Let s = -9 + m. What is the tens digit of s?
1
Let y be -1 - 1 - 6*-1. Suppose 2*h + 0 = y. Let u = h + -1. What is the units digit of u?
1
Suppose -2*r - 14 = -3*t, -t - 3*r = 3 - 4. Let l be (1/t)/(6/24). What is the tens digit of 3 + -2 - -10*l?
1
Suppose 3*j = 3*u + 30, -4*j + 42 = -5*u - 2. Let k be (-8)/6*j/(-2). Suppose 0*w + k*w = 64. What is the tens digit of w?
1
What is the hundreds digit of ((-581)/21)/(4/(-24))?
1
Suppose 0 = 3*i - 9, -6 = 2*t + i - 1. Let f(v) = v + 1. Let g be f(t). What is the units digit of 78/9 + (-1)/g?
9
Let z(q) = 26*q**2 - 1. Suppose -4 = 2*m + 2*m. What is the units digit of z(m)?
5
Let j(g) = g - 8. Let k be j(9). Let t = 16 + k. What is the units digit of t?
7
Suppose -g - g = 4*n - 10, 0 = -5*g + 3*n + 38. Suppose 4*x + c - 40 = -x, 2*x = -5*c - g. What is the units digit of x?
9
Let l(c) = -c**3 - 7*c**2 - 8*c - 8. Let z be l(-6). Suppose -f - 3*b - 5 = -14, z*f = -3*b + 63. What is the units digit of 1/6 - (-141)/f?
8
Let t = -5 + 44. What is the units digit of t?
9
Let j = 6 - 1. Suppose -1 = -d + j. What is the units digit of d?
6
Let y(b) = b + 20. Let n be y(0). Let q = 38 + -28. What is the units digit of ((-24)/n)/((-3)/q)?
4
Suppose -5*m + 3*x + 146 = 0, -2*m - 2*x = x - 71. What is the units digit of m?
1
Let v be 5 + (-2 - 3) + 3. Let c(o) = -o**3 - 6*o**2 + 7. Let q be c(-6). Let z = q - v. What is the units digit of z?
4
Let r = 13 + 9. What is the tens digit of r?
2
Let d = -21 + 21. Suppose d = -3*y + 8*y - 205. What is the tens digit of y?
4
Let p = 2 - -15. What is the tens digit of p?
1
What is the units digit of (-115)/10*(20/(-4) - 1)?
9
Let w = -21 + 35. Let m = w - 9. Suppose 0*f = -3*f, 5*f = -m*b + 80. What is the units digit of b?
6
Let b be 0/(0 - (3 + -5)). Suppose -3*j + 104 = 3*i + 32, -i - 3*j + 20 = b. What is the units digit of i?
6
Let z = 1 - -1. Let u(w) = w**2 - 5*w - 5. Let c be u(6). Let b = z - c. What is the units digit of b?
1
Suppose -r - 5*w = -40, 2*w = -2*r - 3*r + 131. Suppose -5 - r = -3*f. What is the tens digit of f?
1
Suppose -q - 600 = -9*q. What is the tens digit of q?
7
Suppose 0 = 2*b + 5*d - 268, -5*b + 916 - 246 = -2*d. What is the units digit of b?
4
Let n be (0/2)/(-1 - 1). Let j(o) = -2*o + 46. What is the units digit of j(n)?
6
Suppose 6*l = 87 + 183. What is the units digit of l?
5
Suppose -4*h = 2*h + 102. Let w = h - -27. What is the t